et i(v) be the first derivative of -1/20*v**5 + 2*v + 1/3*v**3 - 1/12*v**4 - v**2 - 4. Let r(q) be the first derivative of i(q). Determine r(2).
-10
Let p(s) = s**2 - 5*s + 5. Suppose 8 = 14*r - 12*r. Determine p(r).
1
Let l(c) = 0 - 2*c + 6*c - 3*c - 5. Give l(4).
-1
Let o(i) be the second derivative of i**4/12 + 2*i**3/3 - 5*i. Let z = -4 - -1. What is o(z)?
-3
Let t(a) = 3*a - 5. Let i(k) = -k + 3. Let y(b) = -5*i(b) - 2*t(b). What is y(-4)?
-1
Let t(l) be the second derivative of -4*l**3/3 + 33*l. What is t(1)?
-8
Suppose -8 = -3*h + 7*h. Let y(n) = -n + 1. Let q(l) = -6. Let w(m) = -q(m) - 3*y(m). Calculate w(h).
-3
Let o = 19 + -17. Let d(j) be the second derivative of j**3/6 - j**2/2 + j. Let n be d(o). Let c(u) = 3*u**2 + 1. Give c(n).
4
Let v(o) = -o + 8. Let k = -5 - -5. Calculate v(k).
8
Let h = 38 + -44. Let n(x) = x**2 + 5*x + 8. What is n(h)?
14
Let q(w) = -w**3 - 4*w**2 - w - 1. Let d(v) = -v - 3. Suppose 0 = -5*a - 12 + 2. Let c be d(a). Let u be (2/2)/(c/3). Determine q(u).
-7
Let w(c) be the third derivative of c**6/120 + 7*c**5/60 + c**4/4 - c**3/2 - 2*c**2. Calculate w(-6).
-3
Let h(d) = d**2 - 9*d + 3. Let y be h(6). Let b be (5/y)/((-2)/18). Let z(p) = 4*p**2 + 1. Let r(i) = i**2 - i + 1. Let s(u) = 5*r(u) - z(u). Determine s(b).
-2
Suppose 0 = 2*o - 0*o - 4. Let b(s) = 2*s - 2*s + o*s - 1. Determine b(3).
5
Let v(l) = -3*l - 1. Let m be 14/10 + 14/(-35). Determine v(m).
-4
Let y(s) = -s**2 - 9*s - 2. Let b be (-8)/(-16)*(-32)/(-6)*-3. Calculate y(b).
6
Let n(o) = -3*o + 4*o - 17 + o + 16. Determine n(1).
1
Let p(n) = -n**3 + 4*n**2 - 4*n + 4. Suppose -u = -0*u - 6. Let c(h) = h - 1. Let m be c(u). Suppose 0 = k - s - 1, -4*k + m*s + 4 = 2. Give p(k).
1
Let z(d) = -d + 11. Let s = 70 + -61. What is z(s)?
2
Let a(o) = 773 - 6*o**2 - 5*o - o**3 + 0*o - 766. Calculate a(-5).
7
Let p be (-3)/1*1/3. Let n be 3/(6/4*1). Let w(l) = l + 2*l**n + 3 + 0 - 2 + 5*l**2. Give w(p).
7
Let t be (0 + -9)*(-1)/3. Let w(f) = 0*f**t + f**3 + 2 - f - 2*f**3 + 5*f**2. Let k = 3 - -2. Determine w(k).
-3
Let y(t) be the first derivative of t**4/4 - 5*t**3/3 - 3*t**2 - 5*t + 2. Let o be 2/14 - 82/(-14). Let k be y(o). Let l(q) = -q - 5. What is l(k)?
0
Let q(y) = -2*y**2 + 2*y + 4. Let n(i) = 22 - 24 + 0*i + i**2 - i. Let o(s) = -13*n(s) - 6*q(s). Determine o(-2).
-4
Let w(a) = -4*a - 6. Let p(y) = -9*y - 13. Let k(d) = -6*p(d) + 13*w(d). Let c be k(2). Let q(o) = 0*o + 3*o - c*o. Determine q(0).
0
Suppose -4*l = m - 0*l + 12, -m + 5*l = -33. Let n(r) be the first derivative of -m*r - 1 - 1/2*r**2. Determine n(-4).
-4
Let v(z) = -8 + 14 - 3*z**3 + 2*z**3 + 5*z**2 - 6*z. What is v(4)?
-2
Suppose -3*b = -6, -h + 2*b + 2 = -0. Let x(s) = s**3 - 5*s**2 - 6*s - 1. Calculate x(h).
-1
Let x(w) = -w**3 + 2*w**2 - w + 3. Let a(g) = -g - 2. Let m be a(-5). Calculate x(m).
-9
Let h(r) be the first derivative of -r**5/12 + r**4/24 + r**2/2 + 2. Let t(d) be the second derivative of h(d). Suppose -4 = 5*l + 1. Determine t(l).
-6
Let p be (-14)/12 - (-6)/36. Let s(g) be the second derivative of 11*g**5/120 + g**4/24 + g**3/2 + g. Let w(b) be the second derivative of s(b). Give w(p).
-10
Let k(g) be the second derivative of g**4/12 + 2*g**3/3 + 2*g. Let m(i) = -6*i + 1. Let y be m(2). Let h = 6 + y. Calculate k(h).
5
Let u(a) = -a**3 + a + 1. Let q(f) = -15*f**3 - f**2 + 2*f + 2. Let r(c) = -q(c) + 3*u(c). Give r(-1).
-11
Let o(u) = 17*u**3 + 13*u**2 - 15*u. Let f(g) = -8*g**3 - 6*g**2 + 7*g. Let k(v) = 13*f(v) + 6*o(v). Determine k(-1).
1
Let o(d) be the third derivative of d**4/24 - d**3/6 + d**2. Suppose 7*x + 1340 = 1375. What is o(x)?
4
Let k(h) = h**2 + h - 1. Let m(g) = -2*g**2 - 2*g + 1. Let a(q) = -7*k(q) - 3*m(q). Suppose -2 = -2*v - 4. Let x = 1 + v. Calculate a(x).
4
Let i be (-15)/5 + (2 - 4). Let b(m) = -2*m - m - 5*m**2 + 3 - 2*m + 4*m**2. Determine b(i).
3
Let g(h) = -h**3 - 3*h**2 - 3*h - 1. Let x(f) = -7 + 10 - 7 - 6 + f. Let z be x(8). What is g(z)?
1
Suppose -2*v = 3*v + 35. Let i(k) = k**2 + 9*k + 15. Let l be i(v). Let t(x) = 9*x**3 + x. Determine t(l).
10
Let h(m) = -m + 0*m + 2*m. Let r be 2/(-4)*(1 + -9). Calculate h(r).
4
Let n be (-1 + (-2)/6)*3. Let m(r) be the first derivative of -r**4/8 - r**3 - r**2/2 + 4. Let q(s) be the second derivative of m(s). Give q(n).
6
Let v(h) be the third derivative of -h**7/840 + h**6/120 + h**5/120 + h**4/8 - 7*h**3/6 - 2*h**2. Let s(y) be the first derivative of v(y). What is s(3)?
6
Let x(p) be the second derivative of -p**3/3 + 3*p**2/2 + 9*p. Give x(4).
-5
Let m(f) = f + 2. Let z(c) = c - 8. Suppose 0 = 4*s - 3*s - 2. Suppose -5 = -s*l + l. Let j be z(l). Give m(j).
-1
Let b(t) = -125*t - 2 - 5 + 126*t. What is b(-6)?
-13
Suppose m + 6 = 7. Let f(j) = 22*j**2 - 1. Give f(m).
21
Let c(j) be the second derivative of j**3/6 - 4*j**2 + 9*j. Calculate c(7).
-1
Let h be (-1)/3 + 66/(-18) + 4. Let g(z) be the third derivative of -z**4/24 + z**2. Give g(h).
0
Let q(i) = -5 - 19*i - 5 + 3 + 15*i. Give q(-5).
13
Let s = -8 - -14. Let l(x) = x**3 - 7*x**2 + 6*x + 6. Calculate l(s).
6
Let u(t) = -4*t - 2*t**2 + 3*t**2 + 11*t + 4. Let m(f) = f - 9. Let y be m(5). Calculate u(y).
-8
Let x(g) be the third derivative of -g**6/120 + g**5/20 + 23*g**2. Calculate x(3).
0
Suppose -4*o + 3 = -5. Let j(f) = -3*f - o*f**2 + f + 2 + 4*f. Determine j(2).
-2
Let g(j) be the second derivative of j**5/20 - 2*j**4/3 + j**3 + 3*j**2/2 + j. Give g(7).
-4
Let k(v) be the first derivative of v**2/2 - 2. Determine k(-6).
-6
Let i(p) = p**2 + 5*p + 1. Suppose 18 = -2*j - 2*u, -2*j + 2*u + 14 = -3*j. Calculate i(j).
-3
Let o(l) = -3*l - 1. Let z be o(2). Let w be (-2)/4*(z - -9). Let v(k) = -8*k. Give v(w).
8
Let i(r) = -3 + 0*r - 3*r + 2*r - r. Suppose -4*q - x - 13 = q, -5*q = 2*x + 16. Let u(t) = -t**3 - 2*t**2 + 3*t + 1. Let p be u(q). What is i(p)?
7
Let u(a) = -a**2 - a - 1. Let n(s) = 7*s**3 + 4*s**2 + 5*s + 4. Let f(z) = -n(z) - 4*u(z). Let c = -4 + 5. Let h be (-2)/c*4/(-8). What is f(h)?
-8
Let a(f) = -5*f**3 - 2*f**2 - 5*f - 8. Let c = 1 + 2. Let l(j) = -6*j**2 - 19*j - 14*j**c + 5*j - 14 - 9. Let w(n) = -17*a(n) + 6*l(n). What is w(2)?
0
Suppose -m = -2*m + 4. Let c be m/14 - 12/(-7). Let r(u) = 4*u**2 - 3 + c*u + u**2 + 10 + u**3. Calculate r(-5).
-3
Suppose 0 = 2*w - 6. Suppose -w*j = -2*j. Let f(i) = -3*i - 3*i**2 + i - 1 + j*i**2. Give f(-1).
-2
Let q be (-1)/4 + 2/8. Let l = 0 + q. Let f(b) be the first derivative of -b**2/2 - 6*b + 21. Give f(l).
-6
Let h be ((-6)/10)/(99/(-220)). Let y(m) be the second derivative of h*m**3 - 3*m**2 - 1/12*m**4 + 0 - m. Calculate y(6).
6
Let p(h) = 5*h**3 - 6*h**3 - 3*h**2 - 35 - 2*h + 34. Calculate p(-1).
-1
Let l = -4 + 4. Let s(x) = l*x - 8 - 6*x - x**3 + 7*x. Give s(0).
-8
Suppose m - 12 = -4*d, -d = 6*m - m - 3. Let u be -1 + -1 + d*-1. Let y(s) be the first derivative of s**4/4 + 5*s**3/3 - s**2/2 - 2*s - 2. What is y(u)?
3
Let c(k) = -2*k**2 - 4*k + 1. Let f be c(-4). Let s be f/(-3)*4/(-10). Let i = -1 - s. Let z(h) = -6*h**2 + h. Give z(i).
-5
Let u(i) = i**2 + 6 - 18*i - 22*i + 48*i. What is u(-7)?
-1
Let y(p) = -5*p - 2. Let n(x) = -4*x - 1. Let g(l) = 7*n(l) - 6*y(l). Calculate g(4).
13
Suppose 6*d + 12 = 3*d. Let n = 2 - 1. Let w be (6/d)/(n/(-2)). Let x(l) = -l**2 + 2*l + 3. Calculate x(w).
0
Let t(o) be the third derivative of o**4/24 - 7*o**3/6 + o**2. Let c be t(8). Let y(s) be the third derivative of -3*s**5/20 - 2*s**2. Calculate y(c).
-9
Let y(u) = u**3 + 11*u**2 - 13*u - 11. Let b be y(-12). Let m(s) = 9*s**2 + s. Give m(b).
10
Let b(u) be the first derivative of -u**3/3 - 4*u**2 - u + 25. Let w be (-10)/8*(-1 - -5). Determine b(w).
14
Suppose -3*c - 2*c + 45 = 0. Let i = c + -14. Let q(k) = -k**3 - 6*k**2 - 5*k - 7. What is q(i)?
-7
Let d be (-15)/6*(-4 + 2). Let m(b) = b + 1. Determine m(d).
6
Suppose 0 = 3*j - 8*j - 100. Let w be (-6)/(-15) - (-28)/j. Let o be w/(-1) - (-1 - -1). Let n(h) = h - 1. What is n(o)?
0
Let b(l) = -27*l + 11*l - 2 - 2*l**2 + 12*l. Give b(-3).
-8
Let w(i) = i**3 - i**2 - i - 1. Let s be 1*1/(1/(-5)). Let u(j) = 4*j**3 - 11*j**2 - 9*j + 2. Let a(o) = s*w(o) + u(o). Determine a(-5).
2
Let t(u) = 4*u**2 - 7*u + 3. Let p(i) = -i**2 + i - 1. Let y(c) = 3*p(c) + t(c). Give y(2).
-4
Let a(b) = -3*b + 2. Let v(z) = -3*z + 1. Let s(n) = 